00 and 11225.
25
Calculate the highest common divisor of 1440 and 14490.
90
Calculate the highest common factor of 16589 and 119879.
313
Calculate the greatest common factor of 115 and 211669.
23
What is the highest common factor of 82 and 818032?
82
Calculate the highest common factor of 45414 and 371142.
1566
Calculate the greatest common factor of 14608 and 72.
8
What is the greatest common factor of 471992 and 4264?
328
Calculate the highest common factor of 15717 and 2535.
507
What is the greatest common divisor of 2128870 and 2372?
1186
Calculate the greatest common factor of 5819 and 3289.
253
Calculate the greatest common divisor of 214095 and 420.
105
What is the greatest common divisor of 2584 and 210664?
136
Calculate the highest common factor of 9141 and 65649.
831
What is the highest common factor of 2799 and 63?
9
What is the greatest common factor of 126 and 7677?
9
Calculate the greatest common divisor of 559077 and 4239.
471
Calculate the highest common factor of 220 and 23070.
10
Calculate the highest common factor of 20372 and 1529.
11
What is the greatest common factor of 1342 and 28914?
122
What is the highest common factor of 10 and 4270?
10
Calculate the highest common divisor of 109865 and 70.
35
Calculate the greatest common factor of 38798 and 57.
19
Calculate the highest common divisor of 133 and 1022.
7
What is the highest common divisor of 60 and 16792?
4
Calculate the greatest common divisor of 686 and 263522.
98
Calculate the greatest common divisor of 39 and 549471.
39
Calculate the greatest common factor of 33748 and 858.
286
What is the greatest common divisor of 5213 and 6877?
13
What is the highest common factor of 264 and 636?
12
What is the greatest common divisor of 4704 and 19104?
96
Calculate the greatest common factor of 224554 and 118.
118
What is the greatest common factor of 1444605 and 11976?
1497
What is the highest common divisor of 72 and 51012?
36
Calculate the greatest common factor of 22534 and 1102.
38
What is the greatest common factor of 3340 and 7181?
167
Calculate the highest common factor of 124272 and 336.
48
What is the highest common divisor of 832 and 4064?
32
What is the highest common factor of 255520 and 800?
160
Calculate the highest common factor of 1691466 and 618.
618
Calculate the greatest common divisor of 71 and 646313.
71
What is the greatest common divisor of 350 and 16475?
25
Calculate the greatest common factor of 23 and 1618.
1
What is the highest common factor of 40 and 1387560?
40
Calculate the greatest common factor of 182 and 93142.
14
What is the highest common divisor of 145837 and 451?
41
Calculate the greatest common factor of 8624 and 64.
16
What is the greatest common factor of 440800 and 988?
76
Calculate the greatest common divisor of 9453 and 88734.
69
Calculate the highest common divisor of 136 and 2550.
34
Calculate the greatest common divisor of 179 and 22375.
179
Calculate the highest common divisor of 1099 and 49.
7
Calculate the greatest common divisor of 546433 and 6286.
449
What is the greatest common divisor of 7 and 6538?
7
Calculate the greatest common divisor of 1008 and 1232.
112
Calculate the highest common divisor of 1276847 and 1144.
143
Calculate the highest common factor of 4317160 and 555.
185
What is the highest common divisor of 54871 and 925?
37
What is the highest common factor of 74172 and 84?
84
What is the highest common factor of 1265 and 2365?
55
What is the greatest common divisor of 2338 and 112?
14
What is the highest common factor of 446 and 45269?
223
Calculate the highest common divisor of 744 and 1216.
8
What is the highest common factor of 1744 and 4096?
16
What is the greatest common divisor of 6643 and 1508?
13
Calculate the highest common divisor of 2936 and 40.
8
Calculate the highest common divisor of 66262 and 14.
14
What is the greatest common divisor of 3649 and 230154?
89
Calculate the highest common divisor of 269884 and 1308.
436
What is the highest common divisor of 64 and 63328?
32
Calculate the highest common factor of 90236 and 68.
68
What is the greatest common divisor of 8 and 130512?
8
Calculate the highest common divisor of 48 and 586016.
16
What is the highest common divisor of 163340 and 30?
10
Calculate the greatest common factor of 2033330 and 130.
130
What is the highest common factor of 4 and 178140?
4
What is the greatest common divisor of 73 and 3624158?
73
What is the highest common factor of 16515 and 105?
15
Calculate the highest common divisor of 275 and 8745.
55
What is the highest common divisor of 23296 and 2548?
364
Calculate the highest common divisor of 10784 and 19904.
32
What is the highest common divisor of 15 and 43545?
15
Calculate the highest common divisor of 65 and 3391505.
65
What is the highest common factor of 96 and 7044?
12
Calculate the greatest common factor of 1727 and 63261.
11
What is the highest common divisor of 2247 and 4767?
21
Calculate the greatest common factor of 3717 and 3276.
63
Calculate the greatest common divisor of 257190 and 120.
30
What is the greatest common divisor of 33 and 56793?
33
What is the highest common divisor of 20 and 96232?
4
Calculate the highest common divisor of 60 and 7572.
12
Calculate the highest common divisor of 4859 and 113.
113
Calculate the greatest common factor of 19517 and 116.
29
What is the greatest common factor of 2320 and 70064?
464
What is the greatest common divisor of 312565 and 22?
11
Calculate the greatest common factor of 122592 and 1344.
96
Calculate the highest common factor of 30300 and 1717.
101
Calculate the highest common divisor of 485 and 650288.
97
What is the greatest common divisor of 63516 and 36?
12
Calculate the greatest common factor of 3880 and 20370.
970
Calculate the highest common divisor of 5852 and 4180.
836
Calculate the greatest common factor of 2548 and 351.
13
Calculate the greatest common divisor of 27679 and 22606.
89
What is the greatest common factor of 13698 and 90?
18
What is the highest common divisor of 9996 and 23052?
204
Calculate the greatest common divisor of 91050 and 150.
150
Calculate the greatest common factor of 6384 and 6.
6
What is the greatest common divisor of 104 and 76037?
13
What is the highest common divisor of 5301 and 86769?
279
Calculate the highest common divisor of 54969 and 438.
219
What is the highest common divisor of 2352 and 1369452?
588
What is the highest common divisor of 5584 and 304?
16
What is the greatest common divisor of 14570 and 280?
10
What is the greatest common divisor of 68872 and 8?
8
Calculate the highest common factor of 39566 and 1022.
146
Calculate the highest common divisor of 79742 and 39.
13
What is the highest common divisor of 20 and 23672?
4
Calculate the greatest common factor of 78835 and 5.
5
What is the greatest common factor of 539674 and 604?
302
What is the highest common factor of 109235 and 210?
35
What is the highest common divisor of 218273 and 154?
11
Calculate the greatest common factor of 41106 and 45446.
62
What is the greatest common divisor of 61610 and 5185?
305
What is the greatest common divisor of 8368 and 356?
4
Calculate the highest common factor of 177 and 61124.
59
Calculate the greatest common divisor of 340 and 5254955.
85
Calculate the greatest common divisor of 385 and 3788015.
385
Calculate the greatest common factor of 288 and 34208.
32
Calculate the greatest common divisor of 519950 and 950.
50
What is the highest common divisor of 78961 and 1405?
281
Calculate the greatest common divisor of 173 and 128539.
173
What is the greatest common factor of 599908 and 47?
47
Calculate the highest common divisor of 1430 and 7280.
130
What is the highest common factor of 29402 and 168941?
241
What is the highest common divisor of 718267 and 69?
23
What is the greatest common factor of 2096 and 3093172?
524
Calculate the highest common factor of 650 and 973310.
130
Calculate the greatest common factor of 90308 and 17120.
428
What is the greatest common divisor of 44625 and 1904?
119
Calculate the greatest common factor of 33 and 187517.
11
Calculate the highest common factor of 275942 and 2248.
562
What is the highest common divisor of 112 and 10612?
28
Calculate the greatest common divisor of 91 and 45